3697a1
What is -43835 (base 14) in base 6?
-3300555
3310043 (base 5) to base 13
1cb8a
Convert -2562868 (base 9) to base 12.
-575ba5
Convert -392602 (base 13) to base 2.
-101010000000001010010
Convert -14040195 (base 10) to base 3.
-222102022112020
1411021003 (base 5) to base 14
69dc2d
What is 12010112 (base 3) in base 14?
1512
17cb17 (base 15) to base 4
10122122023
Convert -32799 (base 11) to base 6.
-1004032
-21222001021210 (base 3) to base 12
-1501640
What is -24804a (base 11) in base 2?
-1011111100011001000
Convert -465142 (base 10) to base 13.
-133942
What is 110000102010 (base 3) in base 14?
62288
What is 101001111000101 (base 2) in base 10?
21445
What is 1115552 (base 10) in base 2?
100010000010110100000
21133 (base 16) to base 4
201010303
What is 11030402 (base 5) in base 8?
272757
What is -110111101100010010 (base 2) in base 11?
-146427
What is -b5637b (base 14) in base 12?
-20748a1
23320220113 (base 4) to base 2
1011111000101000010111
-24690 (base 14) to base 16
-15c16
-402103043 (base 5) to base 7
-16401526
-282b2 (base 12) to base 9
-84378
What is -110010111001010011100 (base 2) in base 14?
-315ac4
Convert -629 (base 12) to base 14.
-481
47cb7b (base 13) to base 2
110100010010100010000
-2b29e (base 16) to base 7
-1334306
188b13 (base 15) to base 8
4433614
What is -121311030032 (base 4) in base 8?
-31651416
Convert -394724 (base 12) to base 8.
-3456014
What is -3505244 (base 6) in base 5?
-21230103
Convert 3718827 (base 11) to base 15.
87b81b
-41080 (base 9) to base 16
-69a5
Convert -100b603 (base 13) to base 2.
-10010100000100100011001
Convert -148e70 (base 15) to base 13.
-289779
Convert -110101001010010 (base 2) to base 3.
-1101100002
What is 1247302 (base 12) in base 11?
2025058
Convert -105398 (base 10) to base 5.
-11333043
Convert 3b3d71 (base 16) to base 15.
51a4d8
What is -221021220101 (base 3) in base 5?
-111412321
What is -3324330344 (base 5) in base 9?
-14586625
What is -15a0877 (base 13) in base 7?
-113150450
Convert -503c56 (base 13) to base 10.
-1865155
-228c71 (base 15) to base 3
-10002211002221
Convert -193a3 (base 15) to base 10.
-81828
What is -12022213321 (base 4) in base 5?
-403211002
What is 86959 (base 16) in base 11?
347193
322441331 (base 5) to base 2
101001111100101111111
What is 132323203321 (base 4) in base 2?
11110111011100011111001
What is 562350 (base 8) in base 12?
91920
What is -5321616 (base 8) in base 12?
-584812
Convert -87542 (base 9) to base 13.
-20552
Convert -7712 (base 14) to base 2.
-101000001110100
1110210100 (base 4) to base 8
1244420
Convert -111300 (base 10) to base 2.
-11011001011000100
-6b6b3 (base 15) to base 8
-1234571
Convert 6998746 (base 10) to base 6.
410001334
What is -132021013330 (base 4) in base 13?
-1838776
12425308 (base 9) to base 15
8071e5
-1d7c (base 14) to base 10
-5402
Convert -10010100100110000011 (base 2) to base 9.
-1126810
What is 2896817 (base 11) in base 8?
22757357
Convert -3cd17 (base 15) to base 11.
-123826
Convert 624661 (base 9) to base 6.
11541001
Convert -993873 (base 12) to base 7.
-26450640
19b74 (base 16) to base 7
616043
What is 1cdf9 (base 16) in base 13?
41aa4
Convert -116ce1 (base 15) to base 16.
-cb689
What is -41350001 (base 7) in base 5?
-1342133443
What is 343866 (base 10) in base 4?
1103330322
What is -478917 (base 11) in base 8?
-2711256
What is 1230133030 (base 4) in base 11?
283948
21111112021220 (base 3) to base 8
17151721
What is -17c8e (base 15) in base 16?
-12d1c
2640202 (base 9) to base 12
5974a8
Convert 2a43272 (base 12) to base 3.
121002022201212
What is -627334 (base 14) in base 15?
-459b98
What is 335052 (base 8) in base 6?
2232014
Convert -2131122111 (base 4) to base 9.
-1182386
Convert -4899b (base 12) to base 13.
-358c7
What is -5302314 (base 7) in base 6?
-21412410
-7a809 (base 12) to base 6
-3301213
What is 434040133 (base 5) in base 2?
111000110100100011110
6089a (base 15) to base 9
515301
Convert -110001100200 (base 3) to base 7.
-2005335
What is 1432100400 (base 5) in base 12?
132610b
What is -113141012 (base 5) in base 8?
-1772246
-b17532 (base 12) to base 16
-2a4736
Convert 11101101110010011011 (base 2) to base 13.
281426
2084a (base 13) to base 6
1131000
1704386 (base 9) to base 7
11025624
What is -71198 (base 11) in base 2?
-11001011001101110
-1077809 (base 13) to base 11
-2935269
Convert -2398927 (base 11) to base 9.
-7754812
20ad17 (base 16) to base 12
873333
What is -3304276 (base 10) in base 15?
-4540a1
Convert 7421346 (base 11) to base 7.
216100623
Convert -1011010100111111011 (base 2) to base 8.
-1324773
What is -2212124 (base 5) in base 2?
-1001011000001110
Convert 98710a (base 15) to base 11.
4110a81
-923207 (base 10) to base 12
-38631b
Convert 134444 (base 13) to base 10.
466496
-1a86390 (base 11) to base 6
-203103035
-1981b (base 14) to base 11
-44683
Convert -122011200122 (base 3) to base 7.
-2605340
149a49 (base 13) to base 9
852501
What is -101122202100 (base 3) in base 4?
-303031230
-3124540 (base 6) to base 8
-447554
What is -1564452 (base 7) in base 3?
-102001121210
18366 (base 12) to base 13
12c69
Convert -89043 (base 10) to base 4.
-111233103
20114204 (base 7) to base 12
685188
What is 764a51 (base 11) in base 2?
100101010010010100001
1212132011 (base 4) to base 11
267381
-d682 (base 15) to base 5
-2422342
Convert 147895 (base 14) to base 11.
447262
Convert -25922 (base 16) to base 14.
-40122
Convert 183018 (base 12) to base 15.
8464e
Convert -5434 (base 9) to base 11.
-3007
Convert 10200022001011 (base 3) to base 10.
1954480
What is 922872 (base 10) in base 6?
31440320
Convert 3942e (base 16) to base 13.
829a9
Convert -a44642 (base 11) to base 13.
-468633
Convert 2132632 (base 7) to base 3.
111020002011
What is 4a8a5 (base 12) in base 4?
120301331
Convert -3257606 (base 9) to base 10.
-1750821
What is -100000324 (base 6) in base 13?
-46a73a
101133233 (base 4) to base 3
10122022012
Convert -12829b8 (base 12) to base 2.
-1101111100001100011100
1541450 (base 7) to base 16
33b96
Convert 1046132 (base 7) to base 13.
46b77
-260036034 (base 7) to base 13
-3550287
What is 619c7 (base 13) in base 16?
2ac8f
-22044113 (base 5) to base 15
-3b6c3
20977 (base 14) to base 6
1404205
Convert -bb540a (base 16) to base 7.
-206231156
-6668361 (base 9) to base 4
-31230011110
44ed4e (base 16) to base 6
240452542
-4330302 (base 5) to base 12
-36883
Convert -f4689 (base 16) to base 7.
-11336436
What is -202100123 (base 4) in base 9?
-233425
Convert 138528 (base 9) to base 3.
11022120222
Convert -27d9a (base 14) to base 12.
-49170
123123301 (base 5) to base 6
20455104
Convert -9689887 (base 10) to base 6.
-543404331
494974 (base 15) to base 4
31120220113
-1644772 (base 8) to base 12
-1b0536
-33368 (base 15) to base 14
-43469
What is -e57e1 (base 15) in base 6?
-23331351
What is 552431 (base 13) in base 11?
1149a14
-16a4275 (base 13) to base 7
-116316551
Convert c37b (base 14) to base 5.
2034000
What is -110111001001100101 (base 2) in base 13?
-7ba85
Convert -5dbb (base 16) to base 6.
-303031
Convert -28819 (base 13) to base 3.
-10212100111
What is 170d9 (base 14) in base 2?
1110000111010111
-223412102 (base 5) to base 4
-3303212101
What is 59c413 (base 14) in base 12?
103b981
Convert 3432211 (base 7) to base 16.
6888a
Convert -1002101010202 (base 3) to base 12.
-23a732
Convert ad24 (base 14) to base 9.
45155
What is 101101100110010111 (base 2) in base 10?
186775
Convert 110001031 (base 4) to base 9.
134427
Convert 100110011100011 (base 2) to base 5.
1112213
What is 22064121 (base 7) in base 15?
277686
What is 170c277 (base 13) in base 5?
3401441120
Convert 3b3ad (base 14) to base 10.
146173
What is 312052351 (base 6) in base 4?
110223002023
1313554 (base 6) to base 7
420220
What is 17465342 (base 9) in base 7?
134436041
Convert 21488 (base 10) to base 4.
11033300
-3ff77c (base 16) to base 8
-17773574
What is 5164e4 (base 15) in base 10?
3868864
-73c3cd (base 16) to base 5
-3420234030
Convert 8c224 (base 16) to base 3.
1002011100211
Convert -131102312 (base 4) to base 15.
-25845
-7f9d4 (base 16) to base 3
-222120000120
-15016101 (base 8) to base 13
-927595
Convert a93268 (base 11) to base 3.
10021201212110
Convert -201001201111 (base 4) to base 5.
-4204010411
What is 303241103 (base 5) in base 3?
2022101000122
What is -56aa4